1101010
In base 14, what is -2616099 - 2?
-261609b
In base 3, what is -210221 - 1020121?
-2001112
In base 13, what is 0 - -1b600017?
1b600017
In base 9, what is -666 - 51571?
-52347
In base 15, what is -1a - e239e?
-e23b9
In base 4, what is -111031211312 - 3?
-111031211321
In base 9, what is 1730 + 21654?
23484
In base 3, what is 10 - -21020021101211002?
21020021101211012
In base 13, what is -74c76013 + 5?
-74c7600b
In base 10, what is 0 + 117891885?
117891885
In base 13, what is -3 + 261a452?
261a44c
In base 8, what is 3662 - -4236?
10120
In base 14, what is -11a5cb7 - 2?
-11a5cb9
In base 3, what is 11111 - 212220001222?
-212212220111
In base 15, what is -e6ca9 - -1e?
-e6c8a
In base 2, what is -1 - 100010110110110100101000?
-100010110110110100101001
In base 12, what is -99b + 1432b6?
142517
In base 6, what is 4102 - 10130?
-2024
In base 6, what is -111320 - 3122?
-114442
In base 12, what is 4123184 + 4?
4123188
In base 10, what is 22053 - -43?
22096
In base 10, what is 16 + 1215065?
1215081
In base 9, what is -3 + -5372635?
-5372638
In base 6, what is 13442 + -154114?
-140232
In base 4, what is -3310023222 + 223?
-3310022333
In base 11, what is 7670 - 475?
71a6
In base 6, what is 4 + -3323433235?
-3323433231
In base 4, what is 2011132 - -11031?
2022223
In base 4, what is -10 - 121110123020112?
-121110123020122
In base 2, what is 10001010 + -1001001110011101001100?
-1001001110011011000010
In base 14, what is -333b - -111c?
-221d
In base 9, what is 131 - 326380?
-326248
In base 14, what is -300 - 200a?
-230a
In base 3, what is -1001 - -1220222111?
1220221110
In base 12, what is 2 + -1199513?
-1199511
In base 7, what is -104416033 - 3?
-104416036
In base 13, what is -5c02 + 552a?
-6a5
In base 9, what is -10 - 2856513?
-2856523
In base 15, what is -d + -168d70?
-168d7d
In base 2, what is -101010100 + 110001010010000101?
110001001100110001
In base 7, what is 366 + 10411341?
10412040
In base 6, what is 31521011 - -1020?
31522031
In base 5, what is -144343143 + -303?
-144344001
In base 5, what is -2440320 - 23?
-2440343
In base 16, what is -14 - 253e54?
-253e68
In base 6, what is -1012 - 52542202?
-52543214
In base 5, what is 1124 - -3003202?
3004331
In base 3, what is 2011010012 + -12111?
2010220201
In base 8, what is 20453547 + -3?
20453544
In base 3, what is -1211 - -102022022102?
102022020121
In base 16, what is -6 - -1bd296?
1bd290
In base 5, what is -2220431224 + -424?
-2220432203
In base 9, what is 123666 + 70?
123746
In base 3, what is 22 + 21222220000202?
21222220001001
In base 3, what is -22211101 - 112201200?
-212120001
In base 4, what is 2021 - 312110212?
-312102131
In base 15, what is 1c1b52d + 5?
1c1b533
In base 12, what is -962 - 92827?
-93589
In base 7, what is -2261231 - -225?
-2261003
In base 5, what is -113310110110 + -4?
-113310110114
In base 10, what is 433 + 1096881?
1097314
In base 7, what is -1453106015 - 2?
-1453106020
In base 11, what is -8 - 471882?
-47188a
In base 10, what is 233002 - -1861?
234863
In base 10, what is -1789 - -24497?
22708
In base 4, what is -11210103022 - -2?
-11210103020
In base 12, what is b138 + -25?
b113
In base 4, what is -2323023310002 + -1?
-2323023310003
In base 8, what is 11071724 + -17?
11071705
In base 3, what is 11 - 121112020211101?
-121112020211020
In base 12, what is 17194 + 607?
1779b
In base 7, what is -15663 + -63122?
-112115
In base 10, what is -10 + -3763287?
-3763297
In base 16, what is 4 - 6a9a780?
-6a9a77c
In base 13, what is 1922c69 + 62?
1922ccb
In base 5, what is -10211 + 2112440?
2102224
In base 14, what is 683 - 2208a?
-21807
In base 4, what is 22301332 + -1021300?
21220032
In base 3, what is 12 - 101202222102200?
-101202222102111
In base 8, what is -15451 + -376612?
-414263
In base 5, what is 1112214 - -41001?
1203220
In base 4, what is -100101332212 + 1213?
-100101330333
In base 14, what is 3 + 1603c75?
1603c78
In base 4, what is 2 + -10322203033313?
-10322203033311
In base 10, what is -883507614 + -1?
-883507615
In base 14, what is b3ac5bb7 + 3?
b3ac5bba
In base 15, what is 44de6032 + 0?
44de6032
In base 15, what is -14e7b + b8?
-14db3
In base 13, what is -370 - -18209?
17b69
In base 2, what is -1000001 + -101010010010110110?
-101010010011110111
In base 7, what is -1641 - 201241?
-203212
In base 11, what is 4 + 6940a1?
6940a5
In base 16, what is 148d8f - 11?
148d7e
In base 3, what is -22 - 112101001021102?
-112101001021201
In base 3, what is 122220021011 + 20020?
122220111101
In base 12, what is -3 + -6006a79?
-6006a80
In base 7, what is -1240555 + -30?
-1240615
In base 7, what is -1502 + 23240?
21435
In base 2, what is -111111101000100000011 - 111000011?
-111111101001011000110
In base 15, what is 1b2 + 142d9?
1449b
In base 15, what is -a5c2 - -19d?
-a424
In base 11, what is 1a90 - -39348?
40328
In base 3, what is -101122102111110021 + -1?
-101122102111110022
In base 15, what is ae27 + 4?
ae2b
In base 8, what is 117 + 712755?
713074
In base 2, what is 10001000000001001001111 - -10100?
10001000000001001100011
In base 11, what is -143a86493 + 3?
-143a86490
In base 15, what is -390c9 + 4?
-390c5
In base 9, what is -115306 - -58?
-115237
In base 8, what is -2154423 + 4?
-2154417
In base 10, what is -1210029 - -226?
-1209803
In base 13, what is 58908 - 490?
58448
In base 13, what is 357a - -4?
3581
In base 3, what is 2210022210002200 - -11?
2210022210002211
In base 13, what is 52241 + 61?
522a2
In base 4, what is 102233010 - 3200?
102223210
In base 6, what is -25525 + 1154?
-24331
In base 12, what is 10228b + 47?
102316
In base 6, what is -2340044 + -1100?
-2341144
In base 15, what is -a7 - 75d0?
-7687
In base 2, what is 101000011011010111 + -1001011101?
101000010001111010
In base 10, what is -5 - -2615612?
2615607
In base 4, what is -11 + -3002013333310?
-3002013333321
In base 13, what is 57b - 5c46a?
-5bbbc
In base 16, what is -c6 + 101a33?
10196d
In base 4, what is 1 + -12213100101331?
-12213100101330
In base 15, what is -1 - a3930?
-a3931
In base 10, what is 5001 - -223?
5224
In base 8, what is 315 + -547670?
-547353
In base 7, what is -2413063406 - -5?
-2413063401
In base 16, what is -4 + -109c41?
-109c45
In base 15, what is 27 + -42645?
-4261d
In base 5, what is 11012201324 - 2?
11012201322
In base 8, what is -203 - -7522657?
7522454
In base 12, what is 3b1 + -2b65?
-2774
In base 10, what is 14 - -2963580?
2963594
In base 15, what is -1464c7d - -1b?
-1464c62
In base 10, what is -8459 - 588?
-9047
In base 10, what is 1445082 - -29?
1445111
In base 6, what is 5412120520 + -3?
5412120513
In base 11, what is -380 + -101a6a?
-10233a
In base 10, what is -28484290 + 3?
-28484287
In base 2, what is -110111010101010 - -1010000?
-110111001011010
In base 3, what is -22120222120000 + -101?
-22120222120101
In base 9, what is -173575411 + -4?
-173575415
In base 15, what is 701990a + 5?
7019910
In base 14, what is -2 + 54d568?
54d566
In base 9, what is -6252 - 103531?
-110783
In base 13, what is -1 + 936851?
936850
In base 16, what is -1 - 16322?
-16323
In base 11, what is -313109 - 3?
-313111
In base 7, what is 5 - -3450434053?
3450434061
In base 9, what is -12470566 - -44?
-12470522
In base 14, what is 5 - 851105?
-851100
In base 13, what is 821557 + b9?
821643
In base 3, what is -1111 + -110212022112?
-110212101000
In base 10, what is 0 + 936612?
936612
In base 9, what is 2 + -51336346?
-51336344
In base 14, what is -414 - 48d1?
-4d05
In base 5, what is 30020014 + -143?
30014321
In base 11, what is -5 + -2a50738?
-2a50742
In base 6, what is -15053111 - 25?
-15053140
In base 15, what is 219 - -1d14b?
1d365
In base 15, what is 2c + -c00d85?
-c00d58
In base 6, what is 324414225 + -30?
324414155
In base 13, what is -2044190 - -7?
-2044186
In base 3, what is -22221112201202122 + 21?
-22221112201202101
In base 4, what is 3222 - -20033120?
20103002
In base 2, what is -111001 - -10101000000110110000?
10101000000101110111
In base 4, what is -3202012 + -1212210?
-11020222
In base 6, what is -1522351 - 1521?
-1524312
In base 8, what is 14 + -352727?
-352713
In base 5, what is -42342 - -2302?
-40040
In base 9, what is -414333 + 66?
-414256
In base 2, what is -101011001 + -1101010010101110?
-1101011000000111
In base 5, what is -44331030 - -140?
-44330340
In base 3, what is 10002200120020 - 12